the prime factors of 86/4 - f/8.
2, 11
Suppose q - 2*b - 1328 = 3*b, -2604 = -2*q - 3*b. List the prime factors of q.
2, 3, 109
Suppose w - 3*p - p = 163, w + 3*p - 163 = 0. What are the prime factors of w?
163
Let u(a) be the third derivative of -59*a**4/12 - 26*a**2. What are the prime factors of u(-1)?
2, 59
Let t(x) = x**3 + 21*x**2 + 12*x + 200. What are the prime factors of t(-16)?
2, 7, 23
Let k = 219 + 419. List the prime factors of k.
2, 11, 29
Let f = -23 - -22. What are the prime factors of -9*(f - -91)/(-5)?
2, 3
Suppose -347*w + 351*w - 1388 = 0. List the prime factors of w.
347
Let y = -55 - -55. Suppose -4*s + 272 = 4*j, -3*j + 5 + 7 = y. What are the prime factors of s?
2
Suppose -4*x = -3*x - l, -x = 5*l. Suppose 5*p = 3*i - 35, -2*i + 0*p + p + 35 = x. Suppose -i + 8 = -g + 3*s, 5*s - 60 = -5*g. What are the prime factors of g?
2, 3
Let j = -247 - -144. Let h = j - -260. List the prime factors of h.
157
Suppose 0 = 2*c - 3*a - 87, 2*c + a = 6*a + 89. Suppose -c - 255 = 3*r. Let i = -61 - r. List the prime factors of i.
2, 19
Suppose k - 265 - 80 = -4*z, 175 = 2*z + k. Let p be (-609)/(-189) + -1 + 21/27. Suppose 3*a - z = -2*l, -159 = -p*l - l + 5*a. What are the prime factors of l?
41
Suppose 7*s - 719 + 180 = 0. Let f = -9 + s. List the prime factors of f.
2, 17
Let n = -351 + 624. What are the prime factors of n?
3, 7, 13
Let g be 1/(-2) - (-200)/(-16). Suppose 157 = 6*m - 35. Let r = m - g. List the prime factors of r.
3, 5
Let p = 313 - 661. Let b = p - -494. List the prime factors of b.
2, 73
Suppose -4*s = 7 - 19. Suppose 3*q - 6 = s. Let h(z) = 3*z**2 - 5*z + 6. What are the prime factors of h(q)?
2, 3
Let v(r) = 43*r - 27. List the prime factors of v(8).
317
Suppose -h - 13 = -87. Let b = h - 44. List the prime factors of b.
2, 3, 5
Let d(q) = 345*q**2 - 13*q + 6. What are the prime factors of d(-2)?
2, 353
Let i = -109 + 99. What are the prime factors of ((-616)/6)/(i/15)?
2, 7, 11
Let w be 2 - (8 + -4 + -361). Suppose 7*y - 10*y + 365 = 2*x, -2*x - y + w = 0. List the prime factors of x.
2, 89
Suppose 54*b - 49*b = 1720. What are the prime factors of b?
2, 43
Let h(y) = -y**3 + 3*y**2 + 3*y - 1. Let i be h(4). Let f be (-1)/i - (-62)/(-10). List the prime factors of (-50)/(-3) - f/(-9).
2
Let c(w) = -2*w - 24. Let y be c(-11). Let l = 2 + y. Suppose -4*n + 50 - 14 = l. List the prime factors of n.
3
Let z(u) = u**3 + 3*u + 3. Let a be 0 - (3 - 5 - 1). What are the prime factors of z(a)?
3, 13
Suppose 0 = 6*f - f - 10. Suppose -4*x + 110 = f*k - 136, -5*k + 655 = 2*x. List the prime factors of k.
7, 19
Suppose 37 = -i - 14. Let f = 81 + i. What are the prime factors of f?
2, 3, 5
Let b(s) = -7*s**2 + 8*s - 2. Let j(h) = 20*h**2 - 24*h + 5. Let z(n) = 17*b(n) + 6*j(n). What are the prime factors of z(13)?
61
Let i = 514 - 222. Let b = 414 - i. What are the prime factors of b?
2, 61
Let f = 779 - 323. List the prime factors of f.
2, 3, 19
Let f(h) = -2*h - 16. Let b be f(-8). Let u(i) = -i**2 + 2*i + 29. What are the prime factors of u(b)?
29
Let b(n) = -2*n**3 - 15*n**2 - 5*n - 2. List the prime factors of b(-9).
2, 11, 13
Suppose 2*v - 4 = -24. Let j = v + 17. Let r = j - 1. List the prime factors of r.
2, 3
Let r be (-5)/15 - 772/(-3). Suppose 2*j - 323 = c, 0 = -3*j - 5*c - r + 761. What are the prime factors of j?
163
Suppose -5*u + 95 = -10*u. Let d = u + 30. Let m(s) = s**2 - 7*s + 7. What are the prime factors of m(d)?
3, 17
Let y(d) = -9*d**3 - d**2 + 7*d - 10. Let v be y(2). List the prime factors of (-2)/12 + (-6)/(v/2246).
11, 17
Let v be (-321)/21 - (4 + (-30)/7). Let z(x) = 2*x - 1. Let m be z(7). Let w = m - v. List the prime factors of w.
2, 7
Let z(t) be the first derivative of 7*t**2/2 + 38. Suppose -5*l + 2*f = -22 + 8, 3*l + 4 = -5*f. What are the prime factors of z(l)?
2, 7
Let z(n) = -14*n + 1. Let m(t) = 5*t. Let q(k) = 11*m(k) + 4*z(k). Let j be q(2). Suppose -7*a = -j*a - 60. What are the prime factors of a?
2, 3
List the prime factors of 771 + (10/(-4))/(4/(-8)).
2, 97
Suppose 0 = -f - 4*n - 2, -5*f + 5*n = 2*n - 36. Suppose -f*r + 770 = -r. Suppose -4*j = -70 - r. What are the prime factors of j?
2, 7
Let r(y) = 72*y. Let w be r(3). Let f = w + -142. List the prime factors of f.
2, 37
Suppose -2*t + g = 2*g - 24, 3*t - 38 = -2*g. What are the prime factors of 458/((4/10)/(2/t))?
229
Suppose -12*a + 10*a = -16. Let l(c) = 14*c - 7. Let q be l(a). Suppose -4*x - 145 = -9*x + 3*v, 0 = 5*x + 5*v - q. List the prime factors of x.
2, 13
Let c = 756 + -455. Let r = c - 176. List the prime factors of r.
5
Let d(f) = f**2 + 14*f + 3. Let l = -31 - -17. Let n be d(l). Suppose 115 = n*s + 37. What are the prime factors of s?
2, 13
Suppose 3*t = 4*k - 0*k - 8, -11 = -4*t + k. Suppose 3*h + h + t*g - 144 = 0, -192 = -5*h + g. List the prime factors of h.
2, 19
Let j = 462 - -101. List the prime factors of j.
563
What are the prime factors of 1/(6/3432) + -3?
569
Let z(j) = j**3 + 10*j**2 + 16*j + 5. Let w be z(-8). Suppose 3*f - 24 = -3*v - 0*v, w*f = -15. What are the prime factors of v?
11
Let m be (3 + 65/(-25))*25. List the prime factors of (9 - m)/((-3)/261).
3, 29
Let c = -76 + 52. Suppose 3*l - 2 = 2*l. Let r = l - c. List the prime factors of r.
2, 13
Suppose -2*d = -2*a + 14, 7*d - 3*d = -3*a + 7. Suppose -b = -3*b - 4*g + 114, -b + 57 = -a*g. List the prime factors of b.
3, 19
Let j(i) = i**2 + 3*i - 4. Let p be j(-5). Suppose -p*o = -o - 4*m + 15, 6 = -2*o - 2*m. List the prime factors of 2/(o*(-4)/114).
19
Let a(q) be the first derivative of q**3/3 + 6*q**2 + 16*q + 15. What are the prime factors of a(-18)?
2, 31
Suppose 2430 = 16*x - 818. List the prime factors of x.
7, 29
Let h = 5 + 9. Let v = h + -10. Suppose -v*o + 0*o - 5*f = -254, -2*o - f = -130. What are the prime factors of o?
2, 3, 11
Suppose 2*t - 68 = -m + 76, m - 292 = -4*t. Let x = t + -1. What are the prime factors of x?
73
Suppose 5*f + 13 = -3*v, -2*v - 2 = 2*f - 0. Suppose -h + 162 = -v*h. Let z = 100 + h. What are the prime factors of z?
2, 23
Suppose 11*v - 9*v - 4 = 0. Suppose -v*t - 3*t = 0. Suppose 11*j - 15*j + 16 = t. What are the prime factors of j?
2
Suppose 8 = 2*t - 3*k - 15, 4*t - 41 = 5*k. Suppose -2*h = -t*h + 4. Suppose 0 = h*s - 12 - 32. List the prime factors of s.
2, 11
Suppose -y = 4*y + 10. Let d be 9*(-1)/(-3 - y). Let h = 15 + d. What are the prime factors of h?
2, 3
Let z be (-2)/7 + (-10896)/(-112). Suppose z = -5*f + 612. What are the prime factors of f?
103
Let z(p) be the second derivative of -p**4/12 + 2*p**3/3 - p**2 - 3*p. Let y be z(3). Let h(d) = 40*d**3 - d**2 + 1. What are the prime factors of h(y)?
2, 5
Let v = 3 + 48. Suppose 5*n - 3*o - v = 0, o - 4*o + 21 = 3*n. List the prime factors of n.
3
Suppose 96 = -3*n - 2*q + 4213, 2*n - q - 2733 = 0. What are the prime factors of n?
37
Let p(l) = -l. Let y be p(-3). Suppose 4*w + 11 = n, 0 = -4*n + y*n - 4*w - 13. What are the prime factors of (n/2)/((-2)/68)?
17
Let x(o) = 20*o. Let j be x(1). Let w = j + 32. What are the prime factors of w?
2, 13
Let b = 25 + 1. Suppose -4*a + 3 = y, 0*y = -y - 3*a + 2. Let z = b - y. What are the prime factors of z?
3
Let h(v) be the third derivative of -v**6/20 + v**5/15 + v**4/24 + v**3/6 - 16*v**2. What are the prime factors of h(-2)?
3, 7
Let p(f) = -6*f**2 - f**2 - 9 + 27*f**2 - 8*f**2. List the prime factors of p(-3).
3, 11
Suppose 44*r = 55*r - 715. List the prime factors of r.
5, 13
Suppose 13*c = n + 18*c + 11, 2*n - 2*c = 2. Let r(z) = -10*z - z - 8*z. What are the prime factors of r(n)?
19
Let b = 99 + -97. Suppose -5*f + 1055 = 5*r, 0 = -r - b*f + 4*f + 202. List the prime factors of r.
2, 13
Let h(i) = i + 3. Let d = 20 - 16. Suppose 2*r + 5*p = 20, -12 = -d*p + p. List the prime factors of h(r).
3
Let c = 1 + -7. Let s be (9*c)/(-3 + 1). Suppose -4*u + s = 11. What are the prime factors of u?
2
Let a(h) = h**3 + 20*h**2 - h - 12. Let k(f) = -2*f**3 - 41*f**2 + 2*f + 24. Let q(r) = 9*a(r) + 4*k(r). What are the prime factors of q(-16)?
2
Let i(s) be the second derivative of -s**3/2 - 11*s**2/2 - 3*s. Let t be i(10). Let c = -22 - t. What are the prime factors of c?
19
What are the prime factors of ((-447)/9)/((-61)/183)?
149
Suppose -4 - 31 = -7*p. Suppose 5*n - 2*a - 481 = 0, p*a + 75 = n